466?
2, 733
What are the prime factors of 5316?
2, 3, 443
What are the prime factors of 24715?
5, 4943
What are the prime factors of 33479?
33479
What are the prime factors of 10241?
7, 11, 19
What are the prime factors of 307?
307
What are the prime factors of 627?
3, 11, 19
What are the prime factors of 163803?
3, 54601
What are the prime factors of 21349?
37, 577
What are the prime factors of 2196?
2, 3, 61
What are the prime factors of 29271?
3, 11, 887
What are the prime factors of 21612?
2, 3, 1801
What are the prime factors of 2943?
3, 109
List the prime factors of 4878.
2, 3, 271
What are the prime factors of 221?
13, 17
List the prime factors of 1383.
3, 461
What are the prime factors of 963?
3, 107
What are the prime factors of 3782?
2, 31, 61
List the prime factors of 315.
3, 5, 7
What are the prime factors of 430?
2, 5, 43
List the prime factors of 4560.
2, 3, 5, 19
What are the prime factors of 1274?
2, 7, 13
What are the prime factors of 162188?
2, 13, 3119
List the prime factors of 843.
3, 281
What are the prime factors of 593?
593
What are the prime factors of 35644?
2, 7, 19, 67
What are the prime factors of 4138?
2, 2069
List the prime factors of 2990.
2, 5, 13, 23
List the prime factors of 1789.
1789
List the prime factors of 501.
3, 167
List the prime factors of 4220.
2, 5, 211
What are the prime factors of 1128?
2, 3, 47
What are the prime factors of 268?
2, 67
List the prime factors of 3572.
2, 19, 47
List the prime factors of 52133.
37, 1409
List the prime factors of 7805.
5, 7, 223
What are the prime factors of 77623?
7, 13, 853
List the prime factors of 9253.
19, 487
List the prime factors of 9851.
9851
What are the prime factors of 540?
2, 3, 5
What are the prime factors of 22521?
3, 7507
List the prime factors of 1561.
7, 223
What are the prime factors of 12716?
2, 11, 17
What are the prime factors of 111530?
2, 5, 19, 587
List the prime factors of 19556.
2, 4889
What are the prime factors of 6255?
3, 5, 139
What are the prime factors of 16711?
17, 983
List the prime factors of 980.
2, 5, 7
List the prime factors of 1076.
2, 269
List the prime factors of 18064.
2, 1129
List the prime factors of 176551.
176551
List the prime factors of 4460.
2, 5, 223
List the prime factors of 26596.
2, 61, 109
List the prime factors of 2413.
19, 127
What are the prime factors of 65769?
3, 11, 1993
List the prime factors of 61775.
5, 7, 353
List the prime factors of 10513.
10513
List the prime factors of 37988.
2, 9497
What are the prime factors of 32868?
2, 3, 11, 83
What are the prime factors of 174?
2, 3, 29
What are the prime factors of 15260?
2, 5, 7, 109
What are the prime factors of 1467?
3, 163
What are the prime factors of 26065?
5, 13, 401
What are the prime factors of 637?
7, 13
List the prime factors of 1913.
1913
What are the prime factors of 14040?
2, 3, 5, 13
List the prime factors of 1683.
3, 11, 17
What are the prime factors of 665?
5, 7, 19
What are the prime factors of 16181?
11, 1471
What are the prime factors of 8957?
13, 53
List the prime factors of 2108.
2, 17, 31
What are the prime factors of 504?
2, 3, 7
What are the prime factors of 763?
7, 109
What are the prime factors of 586?
2, 293
List the prime factors of 3431.
47, 73
What are the prime factors of 8727?
3, 2909
List the prime factors of 7324.
2, 1831
List the prime factors of 4432.
2, 277
What are the prime factors of 836?
2, 11, 19
What are the prime factors of 686?
2, 7
List the prime factors of 1068.
2, 3, 89
List the prime factors of 4675.
5, 11, 17
What are the prime factors of 881?
881
What are the prime factors of 32373?
3, 11, 109
List the prime factors of 32132.
2, 29, 277
What are the prime factors of 791?
7, 113
What are the prime factors of 8374?
2, 53, 79
List the prime factors of 34397.
11, 53, 59
What are the prime factors of 662?
2, 331
List the prime factors of 2045.
5, 409
List the prime factors of 2981.
11, 271
What are the prime factors of 1770?
2, 3, 5, 59
What are the prime factors of 4457?
4457
List the prime factors of 43510.
2, 5, 19, 229
List the prime factors of 935.
5, 11, 17
List the prime factors of 836.
2, 11, 19
What are the prime factors of 65344?
2, 1021
What are the prime factors of 56297?
19, 2963
What are the prime factors of 1371?
3, 457
List the prime factors of 24070.
2, 5, 29, 83
What are the prime factors of 7773?
3, 2591
What are the prime factors of 3636?
2, 3, 101
List the prime factors of 343.
7
List the prime factors of 1466.
2, 733
What are the prime factors of 6249?
3, 2083
List the prime factors of 6570.
2, 3, 5, 73
What are the prime factors of 5861?
5861
List the prime factors of 657.
3, 73
What are the prime factors of 3654?
2, 3, 7, 29
List the prime factors of 33536.
2, 131
List the prime factors of 2229.
3, 743
What are the prime factors of 6103?
17, 359
List the prime factors of 3741.
3, 29, 43
What are the prime factors of 423?
3, 47
What are the prime factors of 65721?
3, 19, 1153
List the prime factors of 16364.
2, 4091
List the prime factors of 915.
3, 5, 61
What are the prime factors of 7499?
7499
What are the prime factors of 708?
2, 3, 59
List the prime factors of 163.
163
List the prime factors of 177.
3, 59
What are the prime factors of 158124?
2, 3, 13177
List the prime factors of 866.
2, 433
List the prime factors of 29992.
2, 23, 163
List the prime factors of 30867.
3, 10289
List the prime factors of 33122.
2, 16561
List the prime factors of 75343.
59, 1277
List the prime factors of 11539.
11, 1049
List the prime factors of 6722.
2, 3361
What are the prime factors of 89863?
73, 1231
What are the prime factors of 120?
2, 3, 5
What are the prime factors of 8185?
5, 1637
List the prime factors of 16362.
2, 3, 101
What are the prime factors of 13265?
5, 7, 379
What are the prime factors of 14384?
2, 29, 31
List the prime factors of 21364.
2, 7, 109
List the prime factors of 46266.
2, 3, 11, 701
List the prime factors of 120.
2, 3, 5
List the prime factors of 132786.
2, 3, 2459
What are the prime factors of 8457?
3, 2819
List the prime factors of 5137.
11, 467
List the prime factors of 8161.
8161
List the prime factors of 5419.
5419
List the prime factors of 88242.
2, 3, 7, 11, 191
List the prime factors of 6121.
6121
List the prime factors of 5750.
2, 5, 23
What are the prime factors of 28456?
2, 3557
What are the prime factors of 61852?
2, 7, 47
What are the prime factors of 1237?
1237
List the prime factors of 2226.
2, 3, 7, 53
List the prime factors of 1289.
1289
List the prime factors of 657.
3, 73
What are the prime factors of 11275?
5, 11, 41
List the prime factors of 91005.
3, 5, 6067
What are the prime factors of 4297?
4297
List the prime factors of 25990.
2, 5, 23, 113
What are the prime factors of 1950?
2, 3, 5, 13
What are the prime factors of 31214?
2, 15607
List the prime factors of 39726.
2, 3, 2207
List the prime factors of 61617.
3, 19, 23, 47
What are the prime factors of 4750?
2, 5, 19
What are the prime factors of 3291?
3, 1097
List the prime factors of 205.
5, 41
List the prime factors of 4053.
3, 7, 193
List the prime factors of 9710.
2, 5, 971
What are the prime factors of 7165?
5, 1433
List the prime factors of 15454.
2, 7727
What are the prime factors of 1282?
2, 641
What are the prime factors of 144513?
3, 16057
List the prime factors of 29186.
2, 14593
List the prime factors of 117659.
117659
What are the prime factors of 820?
2, 5, 41
List the prime factors of 2074.
2, 17, 61
What are the prime factors of 8344?
2, 7, 149
What are the prime factors of 28032?
2, 3, 73
List the prime factors of 370.
2, 5, 37
List the prime factors of 35030.
2, 5, 31, 113
List the prime factors of 2751.
3, 7, 131
List the prime factors of 13151.
13151
What are the prime factors of 3317?
31, 107
List the prime factors of 8882.
2, 4441
What are the prime factors of 15714?
2, 3, 97
What are the prime factors of 2055?
3, 5, 137
List the prime factors of 3832.
2, 479
What are the prime factors of 11414?
2, 13, 439
What are the prime factors of 735?
3, 5, 7
What are the prime factors of 8415?
3, 5, 11, 17
List the prime factors of 110.
2, 5, 11
List the prime factors of 6289.
19, 331
What are the prime factors of 89267?
17, 59, 89
What are the prime factors of 796?
2, 199
List the pri